f 8136293817?
3, 2712097939
List the prime factors of 4581574831.
29, 157985339
What are the prime factors of 1165997148?
2, 3, 193, 503453
What are the prime factors of 255474941?
11593, 22037
What are the prime factors of 1313287839?
3, 145920871
What are the prime factors of 8897696?
2, 101, 2753
What are the prime factors of 4347924308?
2, 7, 13, 11944847
What are the prime factors of 9470678?
2, 7, 79, 8563
What are the prime factors of 963960770?
2, 5, 137, 743, 947
List the prime factors of 1163208821.
29, 40110649
What are the prime factors of 76318658?
2, 13, 971, 3023
What are the prime factors of 2078774599?
11, 188979509
List the prime factors of 21370881.
3, 7, 41, 24821
What are the prime factors of 29903091?
3, 9967697
What are the prime factors of 1223750386?
2, 131, 1153, 4051
What are the prime factors of 922107016?
2, 115263377
What are the prime factors of 1223913551?
7, 1531, 114203
What are the prime factors of 499919398?
2, 11, 23, 987983
List the prime factors of 223782795.
3, 5, 4972951
What are the prime factors of 319119886?
2, 17, 29, 323651
What are the prime factors of 91970762?
2, 13, 3537337
What are the prime factors of 244361593?
7, 4817, 7247
List the prime factors of 157195771.
157195771
List the prime factors of 774191253.
3, 11, 23460341
List the prime factors of 1507105791.
3, 241, 231613
List the prime factors of 92493327.
3, 23, 211, 6353
What are the prime factors of 11138885?
5, 2227777
List the prime factors of 461272484.
2, 61, 131, 14431
List the prime factors of 153035179.
11, 199, 69911
List the prime factors of 722790266.
2, 11, 32854103
List the prime factors of 53537611.
19, 2817769
What are the prime factors of 4806208673?
7, 47, 953, 15329
List the prime factors of 572933663.
157, 3649259
List the prime factors of 832881214.
2, 11, 293, 129209
What are the prime factors of 1229100238?
2, 17, 421, 5051
List the prime factors of 469637495.
5, 17, 5525147
What are the prime factors of 6431?
59, 109
List the prime factors of 292236800.
2, 5, 17, 79
List the prime factors of 111330694.
2, 73, 762539
List the prime factors of 950959984.
2, 13, 4571923
List the prime factors of 7848135758.
2, 3924067879
What are the prime factors of 26140214?
2, 101, 151, 857
List the prime factors of 71388319.
31, 131, 17579
List the prime factors of 33040228.
2, 13, 635389
What are the prime factors of 51974327?
4451, 11677
What are the prime factors of 218055547?
4877, 44711
What are the prime factors of 475381?
475381
What are the prime factors of 78010916?
2, 3137, 6217
List the prime factors of 13469832.
2, 3, 187081
List the prime factors of 2037716070.
2, 3, 5, 13, 5224913
List the prime factors of 113291017.
7, 383, 42257
What are the prime factors of 33697970?
2, 5, 3369797
What are the prime factors of 39162257?
41, 23297
What are the prime factors of 134084575?
5, 73, 73471
What are the prime factors of 100435403?
103, 9467
What are the prime factors of 174892765?
5, 29, 1206157
What are the prime factors of 480328912?
2, 7, 59, 72689
What are the prime factors of 2714287681?
7, 387755383
List the prime factors of 58464196.
2, 7, 41, 127, 401
List the prime factors of 1410866404.
2, 352716601
List the prime factors of 1348065621.
3, 7, 21397867
What are the prime factors of 32086484?
2, 619, 12959
List the prime factors of 286009208.
2, 1367, 26153
List the prime factors of 509767080.
2, 3, 5, 59, 89, 809
List the prime factors of 989409368.
2, 67, 1845913
What are the prime factors of 11331835?
5, 59, 107, 359
List the prime factors of 618487656.
2, 3, 25770319
List the prime factors of 518066421.
3, 23, 7508209
List the prime factors of 107429392.
2, 7, 17, 3319
What are the prime factors of 809951469?
3, 29, 59, 157793
What are the prime factors of 1728966551?
13, 132997427
List the prime factors of 3811232843.
11, 2749, 126037
What are the prime factors of 3415473654?
2, 3, 673, 845833
List the prime factors of 27563744.
2, 13, 173, 383
What are the prime factors of 32325894?
2, 3, 29, 61927
What are the prime factors of 270536226?
2, 3, 45089371
What are the prime factors of 328413472?
2, 10262921
What are the prime factors of 5833721091?
3, 11, 132817
List the prime factors of 660091974.
2, 3, 3541, 31069
List the prime factors of 226104249.
3, 7, 10766869
What are the prime factors of 182223968?
2, 5694499
What are the prime factors of 3728414623?
33457, 111439
What are the prime factors of 737190658?
2, 2671, 137999
What are the prime factors of 287183221?
13, 23, 73883
List the prime factors of 4506180839.
4506180839
What are the prime factors of 126691579?
7, 18098797
List the prime factors of 61099783.
6491, 9413
List the prime factors of 301598574.
2, 3, 163, 308383
What are the prime factors of 676183760?
2, 5, 7, 337, 3583
What are the prime factors of 56127948?
2, 3, 17, 73, 3769
List the prime factors of 37029168.
2, 3, 11, 97, 241
What are the prime factors of 2251553888?
2, 70361059
What are the prime factors of 3295452783?
3, 7, 156926323
List the prime factors of 56035279.
29, 37, 52223
List the prime factors of 4744004.
2, 1186001
List the prime factors of 3140387428.
2, 89, 8821313
What are the prime factors of 95142722?
2, 47571361
List the prime factors of 2870940046.
2, 13, 149, 741079
List the prime factors of 100468438.
2, 7, 7176317
What are the prime factors of 24890088?
2, 3, 1037087
What are the prime factors of 1700639066?
2, 7, 37, 3283087
What are the prime factors of 2806122072?
2, 3, 13, 8993981
List the prime factors of 1918398970.
2, 5, 191839897
What are the prime factors of 142848362?
2, 71424181
What are the prime factors of 483943425?
3, 5, 7, 449, 2053
What are the prime factors of 2859805144?
2, 7, 17, 3003997
List the prime factors of 828176824.
2, 23, 73, 61657
What are the prime factors of 394689309?
3, 7, 1609, 11681
What are the prime factors of 343686906?
2, 3, 19093717
List the prime factors of 42982286.
2, 971, 22133
List the prime factors of 1085753586.
2, 3, 17, 10644643
What are the prime factors of 12235919?
12235919
What are the prime factors of 3494260?
2, 5, 7, 11, 2269
List the prime factors of 59815768.
2, 7476971
List the prime factors of 2073919164.
2, 3, 131, 151, 8737
What are the prime factors of 520071641?
520071641
List the prime factors of 786804593.
37, 2143, 9923
What are the prime factors of 49751930?
2, 5, 4975193
What are the prime factors of 114203686?
2, 57101843
List the prime factors of 203205035.
5, 11, 3694637
List the prime factors of 2845869228.
2, 3, 109, 26861
List the prime factors of 4071952700.
2, 5, 19, 797, 2689
What are the prime factors of 264344368?
2, 431, 38333
What are the prime factors of 80458940?
2, 5, 1973, 2039
List the prime factors of 4132548002.
2, 11, 187843091
List the prime factors of 158198170.
2, 5, 13, 151, 8059
List the prime factors of 86397425.
5, 3455897
What are the prime factors of 120251465?
5, 24050293
What are the prime factors of 156007145?
5, 7, 4457347
What are the prime factors of 929052600?
2, 3, 5, 7, 221203
What are the prime factors of 111988895?
5, 31, 722509
What are the prime factors of 3722766835?
5, 47, 151, 104911
List the prime factors of 26314529.
73, 547, 659
What are the prime factors of 2640498283?
839, 3147197
List the prime factors of 126972269.
17, 19, 393103
List the prime factors of 1291400685.
3, 5, 9565931
What are the prime factors of 60445897?
17, 19, 187139
List the prime factors of 144562273.
144562273
What are the prime factors of 4927761556?
2, 1231940389
List the prime factors of 1681469903.
27689, 60727
What are the prime factors of 83447290?
2, 5, 89, 93761
List the prime factors of 30504410.
2, 5, 41, 47, 1583
List the prime factors of 6893643041.
29, 1171, 202999
What are the prime factors of 522286565?
5, 113, 924401
What are the prime factors of 55413284?
2, 173, 80077
List the prime factors of 2989177251.
3, 996392417
What are the prime factors of 112380857?
112380857
What are the prime factors of 419270996?
2, 7039, 14891
What are the prime factors of 1979805274?
2, 989902637
List the prime factors of 13857933.
3, 109, 42379
List the prime factors of 9009743421.
3, 7, 429035401
What are the prime factors of 753834577?
753834577
List the prime